[INFO] cloning repository https://github.com/brandonhamilton/wia-example-rs
[INFO] running `Command { std: "git" "-c" "credential.helper=" "-c" "credential.helper=/workspace/cargo-home/bin/git-credential-null" "clone" "--bare" "https://github.com/brandonhamilton/wia-example-rs" "/workspace/cache/git-repos/https%3A%2F%2Fgithub.com%2Fbrandonhamilton%2Fwia-example-rs", kill_on_drop: false }`
[INFO] [stderr] Cloning into bare repository '/workspace/cache/git-repos/https%3A%2F%2Fgithub.com%2Fbrandonhamilton%2Fwia-example-rs'...
[INFO] running `Command { std: "git" "rev-parse" "HEAD", kill_on_drop: false }`
[INFO] [stdout] 7d65f7578d9f04cf397ed1b1328167db5bf0ff81
[INFO] checking brandonhamilton/wia-example-rs against master#e6e4f7ed1589e03bc2f6c5931c1a72e7947e8682 for beta-170-4
[INFO] running `Command { std: "git" "clone" "/workspace/cache/git-repos/https%3A%2F%2Fgithub.com%2Fbrandonhamilton%2Fwia-example-rs" "/workspace/builds/worker-0-tc2/source", kill_on_drop: false }`
[INFO] [stderr] Cloning into '/workspace/builds/worker-0-tc2/source'...
[INFO] [stderr] done.
[INFO] validating manifest of git repo https://github.com/brandonhamilton/wia-example-rs on toolchain e6e4f7ed1589e03bc2f6c5931c1a72e7947e8682
[INFO] running `Command { std: CARGO_HOME="/workspace/cargo-home" RUSTUP_HOME="/workspace/rustup-home" "/workspace/cargo-home/bin/cargo" "+e6e4f7ed1589e03bc2f6c5931c1a72e7947e8682" "metadata" "--manifest-path" "Cargo.toml" "--no-deps", kill_on_drop: false }`
[INFO] started tweaking git repo https://github.com/brandonhamilton/wia-example-rs
[INFO] finished tweaking git repo https://github.com/brandonhamilton/wia-example-rs
[INFO] tweaked toml for git repo https://github.com/brandonhamilton/wia-example-rs written to /workspace/builds/worker-0-tc2/source/Cargo.toml
[INFO] crate git repo https://github.com/brandonhamilton/wia-example-rs already has a lockfile, it will not be regenerated
[INFO] running `Command { std: CARGO_HOME="/workspace/cargo-home" RUSTUP_HOME="/workspace/rustup-home" "/workspace/cargo-home/bin/cargo" "+e6e4f7ed1589e03bc2f6c5931c1a72e7947e8682" "fetch" "--manifest-path" "Cargo.toml", kill_on_drop: false }`
[INFO] running `Command { std: "docker" "create" "-v" "/var/lib/crater-agent-workspace/builds/worker-0-tc2/target:/opt/rustwide/target:rw,Z" "-v" "/var/lib/crater-agent-workspace/builds/worker-0-tc2/source:/opt/rustwide/workdir:ro,Z" "-v" "/var/lib/crater-agent-workspace/cargo-home:/opt/rustwide/cargo-home:ro,Z" "-v" "/var/lib/crater-agent-workspace/rustup-home:/opt/rustwide/rustup-home:ro,Z" "-e" "SOURCE_DIR=/opt/rustwide/workdir" "-e" "CARGO_TARGET_DIR=/opt/rustwide/target" "-e" "CARGO_HOME=/opt/rustwide/cargo-home" "-e" "RUSTUP_HOME=/opt/rustwide/rustup-home" "-w" "/opt/rustwide/workdir" "-m" "1610612736" "--user" "0:0" "--network" "none" "ghcr.io/rust-lang/crates-build-env/linux@sha256:19e73879b68f455e41552ea35293514db52ea292d993f571636dbffedb77a1ee" "/opt/rustwide/cargo-home/bin/cargo" "+e6e4f7ed1589e03bc2f6c5931c1a72e7947e8682" "metadata" "--no-deps" "--format-version=1", kill_on_drop: false }`
[INFO] [stdout] abae881cdfef404a40c2e17c3b8b694d2e7118e763d6496b24ddb84fb401a63c
[INFO] running `Command { std: "docker" "start" "-a" "abae881cdfef404a40c2e17c3b8b694d2e7118e763d6496b24ddb84fb401a63c", kill_on_drop: false }`
[INFO] running `Command { std: "docker" "inspect" "abae881cdfef404a40c2e17c3b8b694d2e7118e763d6496b24ddb84fb401a63c", kill_on_drop: false }`
[INFO] running `Command { std: "docker" "rm" "-f" "abae881cdfef404a40c2e17c3b8b694d2e7118e763d6496b24ddb84fb401a63c", kill_on_drop: false }`
[INFO] [stdout] abae881cdfef404a40c2e17c3b8b694d2e7118e763d6496b24ddb84fb401a63c
[INFO] running `Command { std: "docker" "create" "-v" "/var/lib/crater-agent-workspace/builds/worker-0-tc2/target:/opt/rustwide/target:rw,Z" "-v" "/var/lib/crater-agent-workspace/builds/worker-0-tc2/source:/opt/rustwide/workdir:ro,Z" "-v" "/var/lib/crater-agent-workspace/cargo-home:/opt/rustwide/cargo-home:ro,Z" "-v" "/var/lib/crater-agent-workspace/rustup-home:/opt/rustwide/rustup-home:ro,Z" "-e" "SOURCE_DIR=/opt/rustwide/workdir" "-e" "CARGO_TARGET_DIR=/opt/rustwide/target" "-e" "CARGO_INCREMENTAL=0" "-e" "RUST_BACKTRACE=full" "-e" "RUSTFLAGS=--cap-lints=forbid" "-e" "RUSTDOCFLAGS=--cap-lints=forbid" "-e" "CARGO_HOME=/opt/rustwide/cargo-home" "-e" "RUSTUP_HOME=/opt/rustwide/rustup-home" "-w" "/opt/rustwide/workdir" "-m" "1610612736" "--user" "0:0" "--network" "none" "ghcr.io/rust-lang/crates-build-env/linux@sha256:19e73879b68f455e41552ea35293514db52ea292d993f571636dbffedb77a1ee" "/opt/rustwide/cargo-home/bin/cargo" "+e6e4f7ed1589e03bc2f6c5931c1a72e7947e8682" "check" "--frozen" "--all" "--all-targets" "--message-format=json", kill_on_drop: false }`
[INFO] [stdout] d1b4f7cc072e929c7f33ef0d3da0b95c5fde9d24dba0d56e98902635e9136b74
[INFO] running `Command { std: "docker" "start" "-a" "d1b4f7cc072e929c7f33ef0d3da0b95c5fde9d24dba0d56e98902635e9136b74", kill_on_drop: false }`
[INFO] [stderr]     Checking wia-example v0.1.0 (/opt/rustwide/workdir)
[INFO] [stdout] error[E0463]: can't find crate for `winapi`
[INFO] [stdout]  --> src/main.rs:1:1
[INFO] [stdout]   |
[INFO] [stdout] 1 | extern crate winapi;
[INFO] [stdout]   | ^^^^^^^^^^^^^^^^^^^^ can't find crate
[INFO] [stdout] 
[INFO] [stdout] 
[INFO] [stdout] error[E0463]: can't find crate for `winapi`
[INFO] [stdout]  --> src/main.rs:1:1
[INFO] [stdout]   |
[INFO] [stdout] 1 | extern crate winapi;
[INFO] [stdout]   | ^^^^^^^^^^^^^^^^^^^^ can't find crate
[INFO] [stdout] 
[INFO] [stdout] 
[INFO] [stdout] error[E0425]: cannot find value `CLSID_WiaDevMgr2` in this scope
[INFO] [stdout]   --> src/main.rs:31:14
[INFO] [stdout]    |
[INFO] [stdout] 31 |             &CLSID_WiaDevMgr2,
[INFO] [stdout]    |              ^^^^^^^^^^^^^^^^ not found in this scope
[INFO] [stdout] 
[INFO] [stdout] 
[INFO] [stdout] error[E0425]: cannot find value `CLSID_WiaDevMgr2` in this scope
[INFO] [stdout]   --> src/main.rs:31:14
[INFO] [stdout]    |
[INFO] [stdout] 31 |             &CLSID_WiaDevMgr2,
[INFO] [stdout]    |              ^^^^^^^^^^^^^^^^ not found in this scope
[INFO] [stdout] 
[INFO] [stdout] 
[INFO] [stdout] error[E0425]: cannot find value `IID_IWiaDevMgr2` in this scope
[INFO] [stdout]   --> src/main.rs:34:14
[INFO] [stdout]    |
[INFO] [stdout] 34 |             &IID_IWiaDevMgr2,
[INFO] [stdout]    |              ^^^^^^^^^^^^^^^ help: a local variable with a similar name exists: `pWiaDevMgr2`
[INFO] [stdout] 
[INFO] [stdout] 
[INFO] [stdout] error[E0425]: cannot find value `IID_IWiaDevMgr2` in this scope
[INFO] [stdout]   --> src/main.rs:34:14
[INFO] [stdout]    |
[INFO] [stdout] 34 |             &IID_IWiaDevMgr2,
[INFO] [stdout]    |              ^^^^^^^^^^^^^^^ help: a local variable with a similar name exists: `pWiaDevMgr2`
[INFO] [stdout] 
[INFO] [stdout] 
[INFO] [stdout] error[E0412]: cannot find type `IWiaDevMgr2` in this scope
[INFO] [stdout]   --> src/main.rs:40:38
[INFO] [stdout]    |
[INFO] [stdout] 40 |             let pp_wia_dev_mgr: *mut IWiaDevMgr2 = pWiaDevMgr2 as *mut IWiaDevMgr2;
[INFO] [stdout]    |                                      ^^^^^^^^^^^ not found in this scope
[INFO] [stdout] 
[INFO] [stdout] 
[INFO] [stdout] error[E0412]: cannot find type `IWiaDevMgr2` in this scope
[INFO] [stdout]   --> src/main.rs:40:38
[INFO] [stdout]    |
[INFO] [stdout] 40 |             let pp_wia_dev_mgr: *mut IWiaDevMgr2 = pWiaDevMgr2 as *mut IWiaDevMgr2;
[INFO] [stdout]    |                                      ^^^^^^^^^^^ not found in this scope
[INFO] [stdout] 
[INFO] [stdout] 
[INFO] [stdout] error[E0412]: cannot find type `IWiaDevMgr2` in this scope
[INFO] [stdout]   --> src/main.rs:40:72
[INFO] [stdout]    |
[INFO] [stdout] 40 |             let pp_wia_dev_mgr: *mut IWiaDevMgr2 = pWiaDevMgr2 as *mut IWiaDevMgr2;
[INFO] [stdout]    |                                                                        ^^^^^^^^^^^ not found in this scope
[INFO] [stdout] 
[INFO] [stdout] 
[INFO] [stdout] error[E0412]: cannot find type `IWiaDevMgr2` in this scope
[INFO] [stdout]   --> src/main.rs:40:72
[INFO] [stdout]    |
[INFO] [stdout] 40 |             let pp_wia_dev_mgr: *mut IWiaDevMgr2 = pWiaDevMgr2 as *mut IWiaDevMgr2;
[INFO] [stdout]    |                                                                        ^^^^^^^^^^^ not found in this scope
[INFO] [stdout] 
[INFO] [stdout] 
[INFO] [stdout] error[E0412]: cannot find type `IWiaItem2` in this scope
[INFO] [stdout]   --> src/main.rs:47:34
[INFO] [stdout]    |
[INFO] [stdout] 47 |             let mut p_item: *mut IWiaItem2 = null_mut();
[INFO] [stdout]    |                                  ^^^^^^^^^ not found in this scope
[INFO] [stdout] 
[INFO] [stdout] 
[INFO] [stdout] error[E0412]: cannot find type `IWiaItem2` in this scope
[INFO] [stdout]   --> src/main.rs:47:34
[INFO] [stdout]    |
[INFO] [stdout] 47 |             let mut p_item: *mut IWiaItem2 = null_mut();
[INFO] [stdout]    |                                  ^^^^^^^^^ not found in this scope
[INFO] [stdout] 
[INFO] [stdout] 
[INFO] [stdout] error: aborting due to 6 previous errors
[INFO] [stdout] 
[INFO] [stdout] 
[INFO] [stdout] Some errors have detailed explanations: E0412, E0425, E0463.
[INFO] [stdout] 
[INFO] [stdout] For more information about an error, try `rustc --explain E0412`.
[INFO] [stdout] 
[INFO] [stdout] error: aborting due to 6 previous errors
[INFO] [stdout] 
[INFO] [stdout] 
[INFO] [stdout] Some errors have detailed explanations: E0412, E0425, E0463.
[INFO] [stdout] 
[INFO] [stdout] For more information about an error, try `rustc --explain E0412`.
[INFO] [stdout] 
[INFO] [stderr] error: could not compile `wia-example` (bin "wia-example") due to 7 previous errors
[INFO] [stderr] warning: build failed, waiting for other jobs to finish...
[INFO] [stderr] error: could not compile `wia-example` (bin "wia-example" test) due to 7 previous errors
[INFO] running `Command { std: "docker" "inspect" "d1b4f7cc072e929c7f33ef0d3da0b95c5fde9d24dba0d56e98902635e9136b74", kill_on_drop: false }`
[INFO] running `Command { std: "docker" "rm" "-f" "d1b4f7cc072e929c7f33ef0d3da0b95c5fde9d24dba0d56e98902635e9136b74", kill_on_drop: false }`
[INFO] [stdout] d1b4f7cc072e929c7f33ef0d3da0b95c5fde9d24dba0d56e98902635e9136b74
